{"id":413,"date":"2022-09-10T05:03:21","date_gmt":"2022-09-10T05:03:21","guid":{"rendered":"https:\/\/hus.rgphoto.hu\/?post_type=product&#038;p=413"},"modified":"2022-09-13T22:21:25","modified_gmt":"2022-09-13T22:21:25","slug":"csipos-lecsokolbasz","status":"publish","type":"product","link":"https:\/\/hus.rgphoto.hu\/index.php\/termek\/csipos-lecsokolbasz\/","title":{"rendered":"Cs\u00edp\u0151s Lecs\u00f3kolb\u00e1sz"},"content":{"rendered":"","protected":false},"excerpt":{"rendered":"","protected":false},"featured_media":519,"comment_status":"closed","ping_status":"closed","template":"","meta":{"om_disable_all_campaigns":false,"_monsterinsights_skip_tracking":false,"_monsterinsights_sitenote_active":false,"_monsterinsights_sitenote_note":"","_monsterinsights_sitenote_category":0},"product_cat":[24],"product_tag":[],"aioseo_notices":[],"_links":{"self":[{"href":"https:\/\/hus.rgphoto.hu\/index.php\/wp-json\/wp\/v2\/product\/413"}],"collection":[{"href":"https:\/\/hus.rgphoto.hu\/index.php\/wp-json\/wp\/v2\/product"}],"about":[{"href":"https:\/\/hus.rgphoto.hu\/index.php\/wp-json\/wp\/v2\/types\/product"}],"replies":[{"embeddable":true,"href":"https:\/\/hus.rgphoto.hu\/index.php\/wp-json\/wp\/v2\/comments?post=413"}],"wp:featuredmedia":[{"embeddable":true,"href":"https:\/\/hus.rgphoto.hu\/index.php\/wp-json\/wp\/v2\/media\/519"}],"wp:attachment":[{"href":"https:\/\/hus.rgphoto.hu\/index.php\/wp-json\/wp\/v2\/media?parent=413"}],"wp:term":[{"taxonomy":"product_cat","embeddable":true,"href":"https:\/\/hus.rgphoto.hu\/index.php\/wp-json\/wp\/v2\/product_cat?post=413"},{"taxonomy":"product_tag","embeddable":true,"href":"https:\/\/hus.rgphoto.hu\/index.php\/wp-json\/wp\/v2\/product_tag?post=413"}],"curies":[{"name":"wp","href":"https:\/\/api.w.org\/{rel}","templated":true}]}}